 highest common factor of m and 24.
12
Suppose -2*a = 2 - 8. Let c be (-2 + a)/(-1)*-12. What is the greatest common factor of 24 and c?
12
Let l = 10 - 5. Let w = l + -3. Suppose w*b - 11 = 5. Calculate the highest common divisor of 24 and b.
8
Suppose 10 = 3*s - 0*s - 2*q, -2*q - 10 = -5*s. Suppose 4*r - 48 = -s*r. What is the highest common factor of 8 and r?
4
Suppose -148 = -4*c + r, -5*r + 8 = -3*r. What is the highest common factor of c and 342?
38
Let z = -17 - -28. Calculate the greatest common factor of z and 66.
11
Let i be (-4)/(-20) - 558/(-10). Suppose 0 = -4*g + 15 + 13. Calculate the greatest common factor of g and i.
7
Suppose 2*d - 5 = 1. Let z be d/21 - 388/(-28). Calculate the greatest common factor of 28 and z.
14
Let y = -38 - -86. Let d = 1 + 3. Suppose 5*a - d - 1 = -5*v, -v = -a + 11. What is the greatest common divisor of a and y?
6
Let x be 3/6*(0 + 0). Suppose -3*f + 2*g - 5*g + 39 = 0, x = f + 3*g - 21. Let t = -14 - -23. What is the highest common factor of f and t?
9
Let z(i) = -i**3 + 5*i**2 + 5*i + 4. Let r be z(6). Let c = 3 - r. Suppose -2*d - 140 = -c*p, 0*d + 3*d = 0. What is the highest common divisor of p and 70?
14
Let r(c) = -c**3 - 11*c**2 - 10*c - 2. Let x be r(-10). Let g be x/6 - 7/(-3). Suppose g*s - 116 = 24. Calculate the highest common divisor of s and 28.
14
Let v(s) = s**3 + 6*s**2 - 3*s - 9. Let m be v(-7). Let z = -1 - m. Calculate the greatest common divisor of 4 and z.
4
Let c be -5*((-6)/5 - -2). Let w = c - -12. What is the greatest common divisor of 88 and w?
8
Let b = 13 + 2. Let k be (1*2)/(6/b). Calculate the greatest common factor of 35 and k.
5
Let q = 33 + -17. Suppose -5*h = -3*h - q. Suppose -2*y + t + 30 = 0, t + 4 = h. Calculate the greatest common divisor of 34 and y.
17
Let z = -18 - -20. Let u be (3/z)/(12/80). Suppose w + 0 = 5. What is the greatest common factor of u and w?
5
Let b be 24/(-14)*(4 - 155/2). Calculate the greatest common factor of 14 and b.
14
Let k(v) = -7*v + 1. Let z = -4 - 1. Let b be k(z). Let w be 1 + 53 + -2 - -2. Calculate the greatest common divisor of w and b.
18
Let z(c) = -c + 5. Let u be z(5). Suppose 8*j - 3*j = -2*k + 79, u = 3*k - 6. Let g = -1 + j. What is the greatest common factor of 154 and g?
14
Let m(x) be the second derivative of 25*x**3/6 + 2*x**2 + 3*x. Let h be m(4). Calculate the greatest common divisor of 13 and h.
13
Let q be (-15)/(-75) - ((-18)/10 - -1). Suppose 2*y = 3*y - 5. Let j = y - q. Calculate the highest common factor of 4 and j.
4
Suppose 5*b - 42 - 8 = 0. Let s = 12 + b. Calculate the greatest common factor of s and 22.
22
Suppose 336 + 42 = 3*z. Suppose -5*t + 20 = 0, 3*w + 4*t + z = 358. Let p be (2 - 4 - 7)*-1. What is the highest common factor of w and p?
9
Let w be 6/(-30) + (-286)/(-5). Let m(h) = -h**3 - 6*h**2 - 7*h - 4. Suppose -2*x = 3*x + 30. Let q be m(x). Calculate the greatest common factor of w and q.
19
Let r(l) = l**2 + 13*l - 6. Let m be r(-12). Let o be (7 + m)/(2/(-14)). Let q(f) = -4*f - 1. Let v be q(-2). What is the greatest common factor of v and o?
7
Let s(l) = -l**3 - 4*l**2 + 6*l + 6. Let o be s(-5). Let a be o + -3 + 11 + -3. Let g = -5 + a. What is the greatest common factor of g and 3?
1
Let r(q) be the second derivative of q**5/10 - q**4/6 + q**3/6 + q**2/2 - 3*q. Let k be r(2). Calculate the highest common factor of k and 11.
11
Let g be 1 - 0 - -3*1. Suppose 2*o - 3*v - 28 = 0, 54 = g*o - 4*v - v. Let i = o + 6. What is the greatest common factor of 34 and i?
17
Let f(a) = -a**2 - 23*a + 6. Let d be f(-20). Calculate the greatest common divisor of d and 22.
22
Suppose 0 = 4*d + 10 + 2, v + 2*d - 90 = 0. Suppose 4*s - 2*q - 54 + 10 = 0, -5*s = -3*q - 54. What is the greatest common divisor of v and s?
12
Suppose -69 = 3*c + y - 3*y, 0 = -3*y - 9. Let x = c + 47. What is the highest common divisor of 11 and x?
11
Suppose -13 = q - 17. Calculate the highest common divisor of 12 and q.
4
Let w = -5 + 9. Suppose -l + 60 = w*l. Suppose 9 = p + 3. Calculate the highest common factor of p and l.
6
Suppose -4*o - 5*n = -3*o + 109, -o - 2*n - 100 = 0. Let i = 132 + o. Calculate the greatest common divisor of 19 and i.
19
Let r(b) = 4*b + b**3 + b - 2*b**2 + 2*b - 4*b. Let k be r(3). Calculate the greatest common divisor of 6 and k.
6
Let h(p) = -p - 3. Let q = -5 + -3. Let d be h(q). Calculate the highest common divisor of d and 25.
5
Let v be (1 - -3)/(1 + 0). Let i = 11 - v. Suppose 70 = i*u - 2*u. What is the highest common divisor of 56 and u?
14
Let m(u) = -u. Let b(c) = -3*c - 16. Let s(l) = -b(l) + 4*m(l). Let h be s(8). What is the highest common factor of 8 and h?
8
Let u(w) be the second derivative of w**5/20 + w**4/12 - w**3/6 - w**2 + 4*w. Let g be u(2). What is the greatest common divisor of 8 and g?
8
Let z be 80*(-1)/4*-5. What is the highest common divisor of z and 20?
20
Suppose x = 5*l + 51, 4*x + l + l = 138. What is the greatest common divisor of x and 54?
18
Let j(v) be the first derivative of -v**2/2 + 4*v + 3. Let w be j(4). Suppose -z + 49 + 23 = w. Calculate the greatest common divisor of 8 and z.
8
Let w(k) = 19*k + 18. Let v be w(9). Calculate the greatest common factor of v and 27.
27
Let t be 0 + -2 + 78/2. Let j be (-6)/(-10) + (-22)/(-5). Suppose j*k - 2*q - t + 12 = 0, 5 = -q. Calculate the greatest common divisor of k and 6.
3
Let k = 52 - 50. Suppose 0 = -0*m + 5*m - 155. Let t = m - 13. What is the highest common factor of k and t?
2
Let l(a) = 3*a**2 - 9*a - 8. Let u be l(7). Suppose 7*d - 10*d = -57. What is the greatest common divisor of u and d?
19
Let w = -5 + 7. Let n be (4/6)/(2/66). What is the highest common divisor of n and w?
2
Suppose 2*y - 290 = 4*h, -h + 286 = -5*h - 2*y. Let d = -48 - h. What is the highest common divisor of d and 6?
6
Let y = 48 - 13. Calculate the highest common factor of y and 5.
5
Let u = -46 - -77. Calculate the highest common divisor of u and 62.
31
Suppose -7*f = -4*f + 24. Let o be f/(-36) - 94/18. Let l be -1 + 0 - (0 + o). What is the greatest common divisor of 8 and l?
4
Suppose 23 = 4*a + 3*w, -2*a + 3 = -3*w + 14. Suppose -5*x = -a*t + 27, t + 3*x + 15 = 1. Suppose 8 + 7 = 5*z. Calculate the highest common divisor of z and t.
1
Suppose -h - 3 = 5*w, 2 = -0*w - w. Suppose 121 - h = 3*y. Suppose 4*c = 2*a - 106, -7*c = -3*c - 8. Calculate the highest common divisor of y and a.
19
Let p = -33 + 49. Let d = 5 - 3. Suppose -p = -3*w + d. What is the greatest common divisor of 42 and w?
6
Let s(l) = -l**2 + 9*l - 13. Let w be s(5). What is the greatest common divisor of w and 112?
7
Let l = 3 - -1. Suppose -d = -2*i + 81, 2 = -4*d - 2. Calculate the greatest common divisor of i and l.
4
Let z = 104 - -8. What is the highest common divisor of 14 and z?
14
Let y be ((-4)/6)/(4/(-138)). Let r be 0 + (-16 - (2 - -1)). Let x = r - -203. Calculate the greatest common factor of y and x.
23
Let q be 87/(-232) + 966/16. Calculate the highest common factor of 24 and q.
12
Suppose 3*o - 4*m = -6*m + 135, 3*o - 123 = 2*m. Suppose 0 = 4*p + 4, 2*a = -0*p + 3*p - 35. Let c = a + o. Calculate the highest common factor of 8 and c.
8
Let h(i) = -4 - 3 + 5*i + 16*i. Let c be h(5). Calculate the highest common factor of c and 14.
14
Suppose q - 6 = 4*q. Let s be 42/6 + (-2 - q). Calculate the greatest common divisor of s and 1.
1
Suppose -4*n + 0*n = -48. Calculate the highest common divisor of n and 84.
12
Let j be (7/(-14))/((-1)/24). Suppose -2*k + 4*r + 38 = 0, k - r - j = 3. Let u = -216 - -337. What is the highest common factor of u and k?
11
Let d(r) = -18*r + 4 - 1 + 11*r - 2. Let y be d(-7). What is the highest common factor of 20 and y?
10
Let m = -4 + 6. Let z be (14/4)/(m/20). Let n be (65/(-2))/(-5) - (-6)/(-4). What is the highest common divisor of n and z?
5
Let d be -85*-2*(-3)/(-6). Calculate the greatest common divisor of d and 34.
17
Let q(u) = -3*u - 1. Let v be q(-3). Let r(f) = -f**3 + 9*f**2 + 12*f - 12. Let n be r(10). Let t = -6 + n. Calculate the greatest common divisor of v and t.
2
Suppose -4*a + 9 = -5*r - 38, 27 = 3*a - r. What is the highest common divisor of 72 and a?
8
Suppose 2*i = 4*i - 100. Let w = i - 35. What is the greatest common divisor of w and 165?
15
Suppose 241 = 3*u - 524. What is the high